{"id":31,"date":"2014-10-22T02:12:30","date_gmt":"2014-10-22T05:12:30","guid":{"rendered":"http:\/\/baffasoft.com.br\/site\/?page_id=31"},"modified":"2026-02-15T21:15:43","modified_gmt":"2026-02-16T00:15:43","slug":"sobre","status":"publish","type":"page","link":"https:\/\/augustobaffa.pro.br\/site\/sobre\/","title":{"rendered":"Augusto C. E. Baffa"},"content":{"rendered":"<div style=\"float: right; padding-left: 10px;\"><!--div style=\"display: inline-block;\"><img decoding=\"async\" src=\"http:\/\/www.inf.puc-rio.br\/~abaffa\/images\/abaffa2small.jpg\" alt=\"Foto\" \/><\/div>\n\n\n\n\n<div style=\"display: inline-block;\"><img decoding=\"async\" src=\"http:\/\/www.inf.puc-rio.br\/~abaffa\/images\/chart.png\" alt=\"QR Code\" \/><\/div--><a style=\"text-decoration: none;\" href=\"http:\/\/br.linkedin.com\/in\/abaffa\" target=\"_blank\" rel=\"noopener noreferrer\"><span style=\"font: 80% Arial,sans-serif; color: #0783b6;\"><img loading=\"lazy\" decoding=\"async\" style=\"vertical-align: middle;\" src=\"https:\/\/static.licdn.com\/scds\/common\/u\/img\/webpromo\/btn_in_20x15.png\" alt=\"View Augusto Baffa's LinkedIn profile\" width=\"20\" height=\"15\" border=\"0\" \/>\u00a0CV Linkedin<\/span><\/a><br \/>\n<a style=\"text-decoration: none;\" href=\"http:\/\/lattes.cnpq.br\/4975737510415729\" target=\"_blank\" rel=\"noopener noreferrer\"><br \/>\n<span style=\"font: 80% Arial,sans-serif; color: #0783b6;\"><img loading=\"lazy\" decoding=\"async\" style=\"vertical-align: middle; padding-right: 4px;\" src=\"http:\/\/baffasoft.com.br\/site\/wp-content\/uploads\/2014\/10\/lattes_icon.png\" alt=\"Lattes\" width=\"16\" height=\"22\" border=\"0\" \/> CV Lattes<\/span><\/a><a style=\"text-decoration: none;\" href=\"https:\/\/scholar.google.com.br\/citations?user=uZYBxBYAAAAJ&amp;hl=pt-BR\" target=\"_blank\" rel=\"noopener noreferrer\"><span style=\"font: 80% Arial,sans-serif; color: #0783b6;\"><img loading=\"lazy\" decoding=\"async\" style=\"vertical-align: middle;\" src=\"https:\/\/scholar.google.com.br\/favicon.ico\" width=\"20\" height=\"15\" border=\"0\" \/>\u00a0Google Scholar Public URL<\/span><\/a><\/p>\n<p><a style=\"text-decoration: none;\" href=\"https:\/\/dblp.org\/pid\/63\/8008.html\" target=\"_blank\" rel=\"noopener noreferrer\"><span style=\"font: 80% Arial,sans-serif; color: #0783b6;\" data-wp-editing=\"1\"><img loading=\"lazy\" decoding=\"async\" style=\"vertical-align: middle;\" src=\"https:\/\/dblp1.uni-trier.de\/img\/favicon.ico\" width=\"20\" height=\"15\" border=\"0\" \/> DBLP<\/span><\/a><\/p>\n<p><a style=\"text-decoration: none;\" href=\"https:\/\/orcid.org\/0000-0002-7039-4477\" target=\"_blank\" rel=\"noopener noreferrer\"><span style=\"font: 80% Arial,sans-serif; color: #0783b6;\"><img loading=\"lazy\" decoding=\"async\" style=\"vertical-align: middle;\" src=\"https:\/\/orcid.org\/assets\/icons\/favicon.ico\" width=\"20\" height=\"15\" border=\"0\" \/>\u00a0Open Researcher &amp; Contributor ID (ORCID)<\/span><\/a><\/p>\n<p><a style=\"text-decoration: none;\" href=\"https:\/\/www.scopus.com\/authid\/detail.uri?authorId=36175488000\" target=\"_blank\" rel=\"noopener noreferrer\"><span style=\"font: 80% Arial,sans-serif; color: #0783b6;\"><img loading=\"lazy\" decoding=\"async\" style=\"vertical-align: middle;\" src=\"https:\/\/www.scopus.com\/static\/proteus-images\/favicon.ico?ver=1.0\" width=\"20\" height=\"15\" border=\"0\" \/>\u00a0Scopus Author Identifier<\/span><\/a><\/p>\n<p><a style=\"text-decoration: none;\" href=\"https:\/\/publons.com\/researcher\/A-7357-2015\/\" target=\"_blank\" rel=\"noopener noreferrer\"><span style=\"font: 80% Arial,sans-serif; color: #0783b6;\"><img loading=\"lazy\" decoding=\"async\" style=\"vertical-align: middle;\" src=\"https:\/\/images.squarespace-cdn.com\/content\/v1\/576fcda2e4fcb5ab5152b4d8\/1476376747368-HOOQ6T1F58NJGH5ABMML\/ke17ZwdGBToddI8pDm48kBNRZcN3DJ-RoJpqmTYaYopZw-zPPgdn4jUwVcJE1ZvWQUxwkmyExglNqGp0IvTJZUJFbgE-7XRK3dMEBRBhUpyX4ZJCWAfrM2w2CdAF6ysQY-E4OQaYjCwHLbdGgRP-ysXgw_18jgIY47ZNfkkNfxA\/favicon.ico\" width=\"20\" height=\"15\" border=\"0\" \/>\u00a0Publons Web of Science ResearcherID<\/span><\/a><\/p>\n<p><a style=\"text-decoration: none;\" href=\"https:\/\/www.researchgate.net\/profile\/Augusto_Baffa\" target=\"_blank\" rel=\"noopener noreferrer\"><span style=\"font: 80% Arial,sans-serif; color: #0783b6;\"><img loading=\"lazy\" decoding=\"async\" style=\"vertical-align: middle;\" src=\"https:\/\/c5.rgstatic.net\/m\/426351313275430\/images\/favicon\/favicon.ico\" width=\"20\" height=\"15\" border=\"0\" \/>\u00a0Research Gate<\/span><\/a><\/p>\n<\/div>\n<p>Coordenador do <a href=\"http:\/\/www.icad.puc-rio.br\/\" target=\"_blank\" rel=\"noopener noreferrer\">Laborat\u00f3rio ICAD<\/a><br \/>\nProfessor do <a href=\"http:\/\/www.inf.puc-rio.br\/\" target=\"_blank\" rel=\"foaf:workplaceHomepage noopener noreferrer\">Departamento de Inform\u00e1tica<\/a><br \/>\n<a href=\"http:\/\/www.puc-rio.br\/\" target=\"_blank\" rel=\"foaf:workplaceHomepage noopener noreferrer\">Pontif\u00edcia Universidade Cat\u00f3lica do Rio de Janeiro<\/a><\/p>\n<h4>Interesses<\/h4>\n<p>Intelig\u00eancia Artificial, Incerteza, Planejamento Autom\u00e1tico, Aprendizado de M\u00e1quina, Pesquisa Operacional<\/p>\n<h4>Hist\u00f3rico<\/h4>\n<p>P\u00f3s-Doutorado em Inform\u00e1tica, 2016-2018<br \/>\n<a href=\"http:\/\/www.inf.puc-rio.br\/\" target=\"_blank\" rel=\"noopener noreferrer\">Pontif\u00edcia Universidade Cat\u00f3lica do Rio de Janeiro, PUC-Rio<\/a><br \/>\nOrientador: Prof.\u00a0Thibaut Vidal<\/p>\n<p>Doutorado em Ci\u00eancia da Computa\u00e7\u00e3o (DSc) 2011-2015 &#8211; CR: A (9.4\/10.0)<br \/>\n<a href=\"http:\/\/www.inf.puc-rio.br\/\" target=\"_blank\" rel=\"noopener noreferrer\">Pontif\u00edcia Universidade Cat\u00f3lica do Rio de Janeiro, PUC-Rio<\/a><br \/>\nOrientador: <a href=\"http:\/\/lattes.cnpq.br\/8249534204731109\">Prof. Bruno Feij\u00f3<\/a><br \/>\nTese: Storytelling Based on Audience\u00a0Social\u00a0Interaction<\/p>\n<p>Mestrado em Ci\u00eancia da Computa\u00e7\u00e3o (MSc) 2008-2010 &#8211; CR: B (8.7\/10.0)<br \/>\n<a href=\"http:\/\/www2.uniriotec.br\/ppgi\/\" target=\"_blank\" rel=\"noopener noreferrer\">Universidade Federal do Estado do Rio de Janeiro, UNIRIO<\/a><br \/>\nOrientador: <a href=\"http:\/\/lattes.cnpq.br\/4612726434879544\" target=\"_blank\" rel=\"noopener noreferrer\">Prof. Angelo Ciarlini<\/a><br \/>\nDisserta\u00e7\u00e3o: <a href=\"http:\/\/www2.uniriotec.br\/ppgi\/banco-de-dissertacoes-ppgi-unirio\/ano-2010\/ambiente-para-modelagem-planejamento-e-avaliacao-de\/at_download\/file\">Ambiente para Estudo, Modelagem, Planejamento e Avalia\u00e7\u00e3o de Pol\u00edticas no Mercado de A\u00e7\u00f5es Utilizando Pomdps<\/a><\/p>\n<p>MBA Executivo em Finan\u00e7as 2005-2007 &#8211; CR: B (8.1\/10.0)<br \/>\n<a href=\"http:\/\/www.ibmec.br\/\" target=\"_blank\" rel=\"noopener noreferrer\">Instituto Brasileiro de Mercado de Capitais, IBMEC<\/a><br \/>\nTcc: An\u00e1lise de Estrat\u00e9gias de Compra e Venda de A\u00e7\u00f5es Utilizando Indicadores de An\u00e1lise T\u00e9cnica<\/p>\n<p>MBA em Marketing 2004-2005 &#8211; CR: B (8.0\/10.0)<br \/>\n<a href=\"http:\/\/www2.espm.br\/\" target=\"_blank\" rel=\"noopener noreferrer\">Escola Superior de Propaganda e Marketing, ESPM<\/a><br \/>\nTcc: Plano de Neg\u00f3cios para a Companhia Aquaria<\/p>\n<p>Bacharelado em Ci\u00eancia da Computa\u00e7\u00e3o (BSc) 1999-2004 &#8211; CR: C (7.0\/10.0)<br \/>\n<a href=\"http:\/\/www.univercidade.br\/\" target=\"_blank\" rel=\"noopener noreferrer\">Centro Universit\u00e1rio da Cidade, UniverCidade<\/a><br \/>\nOrientador: <a href=\"http:\/\/buscatextual.cnpq.br\/buscatextual\/visualizacv.do?metodo=apresentar&amp;id=K4723309Z6\" target=\"_blank\" rel=\"noopener noreferrer\">Prof. Ronaldo Goldschmidt<\/a><br \/>\nMonografia: Previs\u00e3o de S\u00e9ries Temporais utilizando Redes Neurais Artificiais<\/p>\n<h4>Pr\u00eamios e Reconhecimentos<\/h4>\n<ul>\n<li>EMC2 \/ Coppetec Bolsa de Fomento Doutorado, UFRJ, 2013-2014<\/li>\n<li>ICAD \/ VisionLab Bolsa de Fomento Doutorado, PUC-Rio, 2012-2013<\/li>\n<li>CNPq Bolsa de Fomento Doutorado, PUC-Rio, 2011-2012<\/li>\n<li>Distinguished Paper Award, Ibero-American Conference on Artificial Intelligence 12th ed., 2010<\/li>\n<li>CAPES Bolsa de Fomento Mestrado, Unirio, 2008-2010<\/li>\n<li>Pr\u00eamio IBEST 2005 ed. Top 10 Bancos<\/li>\n<li>Pr\u00eamio IBEST 2005 ed. Top 10 Revela\u00e7\u00e3o<\/li>\n<\/ul>\n","protected":false},"excerpt":{"rendered":"<p>\u00a0CV Linkedin CV Lattes\u00a0Google Scholar Public URL DBLP \u00a0Open Researcher &amp; Contributor ID (ORCID) \u00a0Scopus Author Identifier \u00a0Publons Web of Science ResearcherID \u00a0Research Gate Coordenador do Laborat\u00f3rio ICAD Professor do Departamento de Inform\u00e1tica Pontif\u00edcia Universidade Cat\u00f3lica do Rio de Janeiro Interesses Intelig\u00eancia Artificial, Incerteza, Planejamento Autom\u00e1tico, Aprendizado de M\u00e1quina, Pesquisa Operacional Hist\u00f3rico P\u00f3s-Doutorado em Inform\u00e1tica, [&hellip;]<\/p>\n","protected":false},"author":1,"featured_media":0,"parent":0,"menu_order":0,"comment_status":"closed","ping_status":"open","template":"","meta":{"jetpack_post_was_ever_published":false,"footnotes":""},"class_list":["post-31","page","type-page","status-publish","hentry","post"],"jetpack_sharing_enabled":true,"jetpack_shortlink":"https:\/\/wp.me\/P45Kmr-v","jetpack-related-posts":[],"_links":{"self":[{"href":"https:\/\/augustobaffa.pro.br\/site\/wp-json\/wp\/v2\/pages\/31","targetHints":{"allow":["GET"]}}],"collection":[{"href":"https:\/\/augustobaffa.pro.br\/site\/wp-json\/wp\/v2\/pages"}],"about":[{"href":"https:\/\/augustobaffa.pro.br\/site\/wp-json\/wp\/v2\/types\/page"}],"author":[{"embeddable":true,"href":"https:\/\/augustobaffa.pro.br\/site\/wp-json\/wp\/v2\/users\/1"}],"replies":[{"embeddable":true,"href":"https:\/\/augustobaffa.pro.br\/site\/wp-json\/wp\/v2\/comments?post=31"}],"version-history":[{"count":17,"href":"https:\/\/augustobaffa.pro.br\/site\/wp-json\/wp\/v2\/pages\/31\/revisions"}],"predecessor-version":[{"id":24753,"href":"https:\/\/augustobaffa.pro.br\/site\/wp-json\/wp\/v2\/pages\/31\/revisions\/24753"}],"wp:attachment":[{"href":"https:\/\/augustobaffa.pro.br\/site\/wp-json\/wp\/v2\/media?parent=31"}],"curies":[{"name":"wp","href":"https:\/\/api.w.org\/{rel}","templated":true}]}}